3432.
56
Calculate the remainder when 30024 is divided by 592.
424
Calculate the remainder when 13251 is divided by 323.
8
What is the remainder when 7240 is divided by 151?
143
Calculate the remainder when 1720 is divided by 1524.
196
What is the remainder when 1241 is divided by 69?
68
What is the remainder when 12957 is divided by 259?
7
What is the remainder when 368348 is divided by 379?
339
What is the remainder when 2136 is divided by 81?
30
What is the remainder when 251 is divided by 121?
9
Calculate the remainder when 101051 is divided by 90.
71
What is the remainder when 5852 is divided by 5611?
241
What is the remainder when 29480 is divided by 206?
22
What is the remainder when 2021250 is divided by 673750?
0
Calculate the remainder when 1749 is divided by 249.
6
What is the remainder when 2007 is divided by 978?
51
Calculate the remainder when 534 is divided by 49.
44
Calculate the remainder when 1722 is divided by 39.
6
What is the remainder when 4302 is divided by 194?
34
What is the remainder when 7979 is divided by 21?
20
What is the remainder when 2529 is divided by 979?
571
What is the remainder when 216 is divided by 9?
0
What is the remainder when 315395 is divided by 10?
5
What is the remainder when 5097 is divided by 4988?
109
Calculate the remainder when 2407 is divided by 767.
106
Calculate the remainder when 6757 is divided by 40.
37
Calculate the remainder when 106970 is divided by 43.
29
What is the remainder when 29713 is divided by 83?
82
What is the remainder when 620 is divided by 403?
217
Calculate the remainder when 11428 is divided by 326.
18
Calculate the remainder when 1508 is divided by 797.
711
Calculate the remainder when 271 is divided by 6.
1
Calculate the remainder when 458233 is divided by 114555.
13
What is the remainder when 4577 is divided by 411?
56
Calculate the remainder when 539 is divided by 147.
98
Calculate the remainder when 13386 is divided by 638.
626
What is the remainder when 2234 is divided by 1089?
56
Calculate the remainder when 7654 is divided by 2487.
193
What is the remainder when 75726 is divided by 823?
10
Calculate the remainder when 8398 is divided by 382.
376
Calculate the remainder when 1479 is divided by 665.
149
Calculate the remainder when 3900 is divided by 156.
0
Calculate the remainder when 161327 is divided by 80631.
65
Calculate the remainder when 40285 is divided by 303.
289
What is the remainder when 23381 is divided by 14?
1
What is the remainder when 428078 is divided by 105?
98
Calculate the remainder when 54402 is divided by 9066.
6
Calculate the remainder when 14631 is divided by 1070.
721
Calculate the remainder when 492 is divided by 294.
198
What is the remainder when 28539 is divided by 393?
243
Calculate the remainder when 542622 is divided by 45.
12
What is the remainder when 4273 is divided by 355?
13
What is the remainder when 6242 is divided by 8?
2
What is the remainder when 1153 is divided by 558?
37
What is the remainder when 215863 is divided by 223?
222
What is the remainder when 903294 is divided by 22?
18
Calculate the remainder when 58922 is divided by 29361.
200
Calculate the remainder when 135531 is divided by 27106.
1
What is the remainder when 32026 is divided by 34?
32
What is the remainder when 5526 is divided by 16?
6
What is the remainder when 34641 is divided by 107?
80
What is the remainder when 921 is divided by 141?
75
Calculate the remainder when 673 is divided by 77.
57
Calculate the remainder when 53048 is divided by 547.
536
What is the remainder when 1517 is divided by 168?
5
Calculate the remainder when 24928 is divided by 37.
27
Calculate the remainder when 43500 is divided by 14499.
3
What is the remainder when 915 is divided by 34?
31
Calculate the remainder when 4882 is divided by 441.
31
Calculate the remainder when 1378 is divided by 22.
14
Calculate the remainder when 14583 is divided by 543.
465
What is the remainder when 27497 is divided by 27465?
32
Calculate the remainder when 3190 is divided by 82.
74
Calculate the remainder when 7724 is divided by 226.
40
What is the remainder when 271 is divided by 151?
120
Calculate the remainder when 2160 is divided by 135.
0
Calculate the remainder when 446831 is divided by 707.
7
Calculate the remainder when 4221 is divided by 233.
27
What is the remainder when 3054 is divided by 341?
326
Calculate the remainder when 38737 is divided by 373.
318
What is the remainder when 386598 is divided by 22?
14
What is the remainder when 4564 is divided by 130?
14
What is the remainder when 19858 is divided by 248?
18
What is the remainder when 1116 is divided by 155?
31
What is the remainder when 6394 is divided by 3978?
2416
What is the remainder when 100342 is divided by 17?
8
Calculate the remainder when 28901 is divided by 211.
205
Calculate the remainder when 91683 is divided by 22901.
79
What is the remainder when 22358 is divided by 3713?
80
Calculate the remainder when 8513 is divided by 243.
8
What is the remainder when 4760 is divided by 171?
143
Calculate the remainder when 34230 is divided by 1900.
30
Calculate the remainder when 13005 is divided by 949.
668
What is the remainder when 102362 is divided by 89?
12
Calculate the remainder when 15805 is divided by 25.
5
What is the remainder when 314429 is divided by 446?
445
Calculate the remainder when 21130 is divided by 210.
130
What is the remainder when 22604 is divided by 257?
245
Calculate the remainder when 11820 is divided by 130.
120
What is the remainder when 48408 is divided by 12088?
56
Calculate the remainder when 887211 is divided by 318.
309
What is the remainder when 896 is divided by 433?
30
Calculate the remainder when 10297 is divided by 93.
67
Calculate the remainder when 681 is divided by 96.
9
Calculate the remainder when 893061 is divided by 297685.
6
What is the remainder when 465497 is divided by 665?
662
Calculate the remainder when 3629179 is divided by 74.
71
Calculate the remainder when 452085 is divided by 546.
543
What is the remainder when 685 is divided by 349?
336
What is the remainder when 2615 is divided by 866?
17
Calculate the remainder when 19314 is divided by 137.
134
Calculate the remainder when 2246 is divided by 420.
146
Calculate the remainder when 2490 is divided by 212.
158
What is the remainder when 47856 is divided by 439?
5
What is the remainder when 3084 is divided by 634?
548
Calculate the remainder when 6540278 is divided by 46.
44
What is the remainder when 54905 is divided by 32?
25
Calculate the remainder when 1251 is divided by 253.
239
Calculate the remainder when 10127 is divided by 1.
0
What is the remainder when 1186 is divided by 585?
16
What is the remainder when 650 is divided by 35?
20
Calculate the remainder when 14448 is divided by 14409.
39
Calculate the remainder when 1555 is divided by 398.
361
Calculate the remainder when 125202 is divided by 44.
22
What is the remainder when 251856 is divided by 14?
10
Calculate the remainder when 19962 is divided by 10.
2
Calculate the remainder when 4718 is divided by 1549.
71
Calculate the remainder when 16226 is divided by 1093.
924
What is the remainder when 18588 is divided by 1231?
123
Calculate the remainder when 106749 is divided by 26678.
37
Calculate the remainder when 85918 is divided by 244.
30
Calculate the remainder when 3037 is divided by 302.
17
Calculate the remainder when 1147853 is divided by 113.
112
What is the remainder when 3789 is divided by 3561?
228
What is the remainder when 2633 is divided by 422?
101
Calculate the remainder when 21765 is divided by 101.
50
What is the remainder when 6468 is divided by 38?
8
Calculate the remainder when 29795 is divided by 5.
0
Calculate the remainder when 2467 is divided by 239.
77
What is the remainder when 17775 is divided by 573?
12
Calculate the remainder when 3006 is divided by 177.
174
What is the remainder when 409404 is divided by 18?
12
Calculate the remainder when 7758 is divided by 1938.
6
Calculate the remainder when 6544 is divided by 85.
84
What is the remainder when 86442 is divided by 21609?
6
What is the remainder when 789923 is divided by 475?
473
Calculate the remainder when 23014 is divided by 1889.
346
Calculate the remainder when 2